{"id":31621,"date":"2023-02-15T12:34:43","date_gmt":"2023-02-15T11:34:43","guid":{"rendered":"https:\/\/nutrispoint.com\/?post_type=product&#038;p=31621"},"modified":"2023-02-15T13:15:46","modified_gmt":"2023-02-15T12:15:46","slug":"organic-green-vitality-blend-v-sasejih-copy","status":"publish","type":"product","link":"https:\/\/nutrispoint.com\/?izdelek=organic-green-vitality-blend-v-sasejih-copy","title":{"rendered":"2x Organic Green Vitality Blend v sa\u0161ejih"},"content":{"rendered":"<div style=\"max-width: 800px;\">\n<p>Nutrispoint ORGANIC GREEN VITALITY BLEND je popolna zelena me\u0161anica, ki zdru\u017euje mo\u010d klorele, spiruline, moringe, koprive, mete, baobaba in p\u0161eni\u010dne trave.<\/p>\n<p><strong>\u2022<\/strong> <strong>Klorela<\/strong> je zelena alga, ki pomaga ohraniti normalno delovanje debelega \u010drevesa, umiriti dra\u017eenje \u010drevesne \u00a0stene, pove\u010dati rast koristne \u010drevesne mikroflore ter iz organizma izlo\u010diti strupene in nezdrave spojine (te\u017eke kovine).<br \/>\n<strong>\u2022<\/strong> Ekolo\u0161ko pridelana alga <strong>spirulina<\/strong> prispeva k uravnavanju telesne te\u017ee.<br \/>\n<strong>\u2022<\/strong> <strong>Moringa<\/strong> velja za najbolj hranljivo super\u017eivilo na kopnem.<br \/>\n<strong>\u2022<\/strong> <strong>Baobab<\/strong> je poleg vitaminov in mineralov bogat z prebioti\u010dnimi vlakninami.<br \/>\n<strong>\u2022<\/strong> <strong>Kopriva<\/strong> in p\u0161eni\u010dna trava sta izjemna antioksidanta, <strong>metini listi<\/strong> pa poskrbijo za sve\u017eino..<\/p>\n<p><img decoding=\"async\" data-src=\"https:\/\/nutrispoint.com\/wp-content\/uploads\/2023\/01\/Green-vitality_web_3-1.jpg\" src=\"data:image\/svg+xml;base64,PHN2ZyB3aWR0aD0iMSIgaGVpZ2h0PSIxIiB4bWxucz0iaHR0cDovL3d3dy53My5vcmcvMjAwMC9zdmciPjwvc3ZnPg==\" class=\"lazyload\" style=\"--smush-placeholder-width: 1938px; --smush-placeholder-aspect-ratio: 1938\/775;\" \/><\/p>\n<p>&nbsp;<\/p>\n<\/div>\n","protected":false},"excerpt":{"rendered":"<p><img decoding=\"async\" class=\"alignnone size-full wp-image-9169 lazyload\" data-src=\"https:\/\/nutrispoint.com\/wp-content\/uploads\/2023\/01\/14-sachet-1.svg\" alt=\"\" width=\"90\" src=\"data:image\/svg+xml;base64,PHN2ZyB3aWR0aD0iMSIgaGVpZ2h0PSIxIiB4bWxucz0iaHR0cDovL3d3dy53My5vcmcvMjAwMC9zdmciPjwvc3ZnPg==\" \/><\/p>\n<ul class=\"NP-list-style\">\n<li>Popolna zelena me\u0161anica<\/li>\n<li>Alge Spirulina in Klorela<\/li>\n<li>Moringa in Baobab<\/li>\n<li>P\u0161eni\u010dna trava, Kopriva<\/li>\n<li>Meta<\/li>\n<\/ul>\n<p><img decoding=\"async\" data-src=\"https:\/\/nutrispoint.com\/wp-content\/uploads\/2021\/09\/ICON_Eko.svg\" width=\"16%\" src=\"data:image\/svg+xml;base64,PHN2ZyB3aWR0aD0iMSIgaGVpZ2h0PSIxIiB4bWxucz0iaHR0cDovL3d3dy53My5vcmcvMjAwMC9zdmciPjwvc3ZnPg==\" class=\"lazyload\" \/> <img decoding=\"async\" data-src=\"https:\/\/nutrispoint.com\/wp-content\/uploads\/2021\/09\/ICON_brez-gso.svg\" width=\"16%\" src=\"data:image\/svg+xml;base64,PHN2ZyB3aWR0aD0iMSIgaGVpZ2h0PSIxIiB4bWxucz0iaHR0cDovL3d3dy53My5vcmcvMjAwMC9zdmciPjwvc3ZnPg==\" class=\"lazyload\" \/> <img decoding=\"async\" data-src=\"https:\/\/nutrispoint.com\/wp-content\/uploads\/2021\/09\/ICON_Vegansko.svg\" width=\"16%\" src=\"data:image\/svg+xml;base64,PHN2ZyB3aWR0aD0iMSIgaGVpZ2h0PSIxIiB4bWxucz0iaHR0cDovL3d3dy53My5vcmcvMjAwMC9zdmciPjwvc3ZnPg==\" class=\"lazyload\" \/><\/p>\n","protected":false},"featured_media":31625,"comment_status":"open","ping_status":"closed","template":"","meta":[],"product_brand":[],"product_cat":[468],"product_tag":[],"class_list":{"0":"post-31621","1":"product","2":"type-product","3":"status-publish","4":"has-post-thumbnail","6":"product_cat-sport-nutrition","8":"first","9":"instock","10":"sale","11":"taxable","12":"shipping-taxable","13":"purchasable","14":"product-type-simple"},"yoast_head":"<!-- This site is optimized with the Yoast SEO plugin v27.4 - https:\/\/yoast.com\/product\/yoast-seo-wordpress\/ -->\n<title>2x Organic Green Vitality Blend v sa\u0161ejih - Nutrispoint<\/title>\n<meta name=\"description\" content=\"Me\u0161anica Organic Green Vitality Blend zdru\u017euje mo\u010d klorele, spiruline, moringe, koprive, mete, baobaba in p\u0161eni\u010dne trave.\" \/>\n<meta name=\"robots\" content=\"index, follow, max-snippet:-1, max-image-preview:large, max-video-preview:-1\" \/>\n<link rel=\"canonical\" href=\"https:\/\/nutrispoint.com\/?izdelek=organic-green-vitality-blend-v-sasejih-copy\" \/>\n<meta name=\"twitter:label1\" content=\"Est. reading time\" \/>\n\t<meta name=\"twitter:data1\" content=\"1 minuta\" \/>\n<script type=\"application\/ld+json\" class=\"yoast-schema-graph\">{\"@context\":\"https:\\\/\\\/schema.org\",\"@graph\":[{\"@type\":\"WebPage\",\"@id\":\"https:\\\/\\\/nutrispoint.com\\\/?izdelek=organic-green-vitality-blend-v-sasejih-copy\",\"url\":\"https:\\\/\\\/nutrispoint.com\\\/?izdelek=organic-green-vitality-blend-v-sasejih-copy\",\"name\":\"2x Organic Green Vitality Blend v sa\u0161ejih - Nutrispoint\",\"isPartOf\":{\"@id\":\"https:\\\/\\\/nutrispoint.com\\\/#website\"},\"primaryImageOfPage\":{\"@id\":\"https:\\\/\\\/nutrispoint.com\\\/?izdelek=organic-green-vitality-blend-v-sasejih-copy#primaryimage\"},\"image\":{\"@id\":\"https:\\\/\\\/nutrispoint.com\\\/?izdelek=organic-green-vitality-blend-v-sasejih-copy#primaryimage\"},\"thumbnailUrl\":\"https:\\\/\\\/nutrispoint.com\\\/wp-content\\\/uploads\\\/2023\\\/02\\\/IMG_4071.png\",\"datePublished\":\"2023-02-15T11:34:43+00:00\",\"dateModified\":\"2023-02-15T12:15:46+00:00\",\"description\":\"Me\u0161anica Organic Green Vitality Blend zdru\u017euje mo\u010d klorele, spiruline, moringe, koprive, mete, baobaba in p\u0161eni\u010dne trave.\",\"breadcrumb\":{\"@id\":\"https:\\\/\\\/nutrispoint.com\\\/?izdelek=organic-green-vitality-blend-v-sasejih-copy#breadcrumb\"},\"inLanguage\":\"sl-SI\",\"potentialAction\":[{\"@type\":\"ReadAction\",\"target\":[\"https:\\\/\\\/nutrispoint.com\\\/?izdelek=organic-green-vitality-blend-v-sasejih-copy\"]}]},{\"@type\":\"ImageObject\",\"inLanguage\":\"sl-SI\",\"@id\":\"https:\\\/\\\/nutrispoint.com\\\/?izdelek=organic-green-vitality-blend-v-sasejih-copy#primaryimage\",\"url\":\"https:\\\/\\\/nutrispoint.com\\\/wp-content\\\/uploads\\\/2023\\\/02\\\/IMG_4071.png\",\"contentUrl\":\"https:\\\/\\\/nutrispoint.com\\\/wp-content\\\/uploads\\\/2023\\\/02\\\/IMG_4071.png\",\"width\":960,\"height\":960},{\"@type\":\"BreadcrumbList\",\"@id\":\"https:\\\/\\\/nutrispoint.com\\\/?izdelek=organic-green-vitality-blend-v-sasejih-copy#breadcrumb\",\"itemListElement\":[{\"@type\":\"ListItem\",\"position\":1,\"name\":\"Home\",\"item\":\"https:\\\/\\\/nutrispoint.com\\\/\"},{\"@type\":\"ListItem\",\"position\":2,\"name\":\"Trgovina\",\"item\":\"https:\\\/\\\/nutrispoint.com?page_id=6691\"},{\"@type\":\"ListItem\",\"position\":3,\"name\":\"2x Organic Green Vitality Blend v sa\u0161ejih\"}]},{\"@type\":\"WebSite\",\"@id\":\"https:\\\/\\\/nutrispoint.com\\\/#website\",\"url\":\"https:\\\/\\\/nutrispoint.com\\\/\",\"name\":\"Nutrispoint\",\"description\":\"Honest nutrition\",\"publisher\":{\"@id\":\"https:\\\/\\\/nutrispoint.com\\\/#organization\"},\"potentialAction\":[{\"@type\":\"SearchAction\",\"target\":{\"@type\":\"EntryPoint\",\"urlTemplate\":\"https:\\\/\\\/nutrispoint.com\\\/?s={search_term_string}\"},\"query-input\":{\"@type\":\"PropertyValueSpecification\",\"valueRequired\":true,\"valueName\":\"search_term_string\"}}],\"inLanguage\":\"sl-SI\"},{\"@type\":\"Organization\",\"@id\":\"https:\\\/\\\/nutrispoint.com\\\/#organization\",\"name\":\"Nutrispoint\",\"url\":\"https:\\\/\\\/nutrispoint.com\\\/\",\"logo\":{\"@type\":\"ImageObject\",\"inLanguage\":\"sl-SI\",\"@id\":\"https:\\\/\\\/nutrispoint.com\\\/#\\\/schema\\\/logo\\\/image\\\/\",\"url\":\"https:\\\/\\\/nutrispoint.com\\\/wp-content\\\/uploads\\\/2025\\\/06\\\/Nutrispoint_Horizontal-Logo-2025.svg\",\"contentUrl\":\"https:\\\/\\\/nutrispoint.com\\\/wp-content\\\/uploads\\\/2025\\\/06\\\/Nutrispoint_Horizontal-Logo-2025.svg\",\"width\":400,\"height\":72,\"caption\":\"Nutrispoint\"},\"image\":{\"@id\":\"https:\\\/\\\/nutrispoint.com\\\/#\\\/schema\\\/logo\\\/image\\\/\"}}]}<\/script>\n<!-- \/ Yoast SEO plugin. -->","yoast_head_json":{"title":"2x Organic Green Vitality Blend v sa\u0161ejih - Nutrispoint","description":"Me\u0161anica Organic Green Vitality Blend zdru\u017euje mo\u010d klorele, spiruline, moringe, koprive, mete, baobaba in p\u0161eni\u010dne trave.","robots":{"index":"index","follow":"follow","max-snippet":"max-snippet:-1","max-image-preview":"max-image-preview:large","max-video-preview":"max-video-preview:-1"},"canonical":"https:\/\/nutrispoint.com\/?izdelek=organic-green-vitality-blend-v-sasejih-copy","twitter_misc":{"Est. reading time":"1 minuta"},"schema":{"@context":"https:\/\/schema.org","@graph":[{"@type":"WebPage","@id":"https:\/\/nutrispoint.com\/?izdelek=organic-green-vitality-blend-v-sasejih-copy","url":"https:\/\/nutrispoint.com\/?izdelek=organic-green-vitality-blend-v-sasejih-copy","name":"2x Organic Green Vitality Blend v sa\u0161ejih - Nutrispoint","isPartOf":{"@id":"https:\/\/nutrispoint.com\/#website"},"primaryImageOfPage":{"@id":"https:\/\/nutrispoint.com\/?izdelek=organic-green-vitality-blend-v-sasejih-copy#primaryimage"},"image":{"@id":"https:\/\/nutrispoint.com\/?izdelek=organic-green-vitality-blend-v-sasejih-copy#primaryimage"},"thumbnailUrl":"https:\/\/nutrispoint.com\/wp-content\/uploads\/2023\/02\/IMG_4071.png","datePublished":"2023-02-15T11:34:43+00:00","dateModified":"2023-02-15T12:15:46+00:00","description":"Me\u0161anica Organic Green Vitality Blend zdru\u017euje mo\u010d klorele, spiruline, moringe, koprive, mete, baobaba in p\u0161eni\u010dne trave.","breadcrumb":{"@id":"https:\/\/nutrispoint.com\/?izdelek=organic-green-vitality-blend-v-sasejih-copy#breadcrumb"},"inLanguage":"sl-SI","potentialAction":[{"@type":"ReadAction","target":["https:\/\/nutrispoint.com\/?izdelek=organic-green-vitality-blend-v-sasejih-copy"]}]},{"@type":"ImageObject","inLanguage":"sl-SI","@id":"https:\/\/nutrispoint.com\/?izdelek=organic-green-vitality-blend-v-sasejih-copy#primaryimage","url":"https:\/\/nutrispoint.com\/wp-content\/uploads\/2023\/02\/IMG_4071.png","contentUrl":"https:\/\/nutrispoint.com\/wp-content\/uploads\/2023\/02\/IMG_4071.png","width":960,"height":960},{"@type":"BreadcrumbList","@id":"https:\/\/nutrispoint.com\/?izdelek=organic-green-vitality-blend-v-sasejih-copy#breadcrumb","itemListElement":[{"@type":"ListItem","position":1,"name":"Home","item":"https:\/\/nutrispoint.com\/"},{"@type":"ListItem","position":2,"name":"Trgovina","item":"https:\/\/nutrispoint.com?page_id=6691"},{"@type":"ListItem","position":3,"name":"2x Organic Green Vitality Blend v sa\u0161ejih"}]},{"@type":"WebSite","@id":"https:\/\/nutrispoint.com\/#website","url":"https:\/\/nutrispoint.com\/","name":"Nutrispoint","description":"Honest nutrition","publisher":{"@id":"https:\/\/nutrispoint.com\/#organization"},"potentialAction":[{"@type":"SearchAction","target":{"@type":"EntryPoint","urlTemplate":"https:\/\/nutrispoint.com\/?s={search_term_string}"},"query-input":{"@type":"PropertyValueSpecification","valueRequired":true,"valueName":"search_term_string"}}],"inLanguage":"sl-SI"},{"@type":"Organization","@id":"https:\/\/nutrispoint.com\/#organization","name":"Nutrispoint","url":"https:\/\/nutrispoint.com\/","logo":{"@type":"ImageObject","inLanguage":"sl-SI","@id":"https:\/\/nutrispoint.com\/#\/schema\/logo\/image\/","url":"https:\/\/nutrispoint.com\/wp-content\/uploads\/2025\/06\/Nutrispoint_Horizontal-Logo-2025.svg","contentUrl":"https:\/\/nutrispoint.com\/wp-content\/uploads\/2025\/06\/Nutrispoint_Horizontal-Logo-2025.svg","width":400,"height":72,"caption":"Nutrispoint"},"image":{"@id":"https:\/\/nutrispoint.com\/#\/schema\/logo\/image\/"}}]}},"_links":{"self":[{"href":"https:\/\/nutrispoint.com\/index.php?rest_route=\/wp\/v2\/product\/31621","targetHints":{"allow":["GET"]}}],"collection":[{"href":"https:\/\/nutrispoint.com\/index.php?rest_route=\/wp\/v2\/product"}],"about":[{"href":"https:\/\/nutrispoint.com\/index.php?rest_route=\/wp\/v2\/types\/product"}],"replies":[{"embeddable":true,"href":"https:\/\/nutrispoint.com\/index.php?rest_route=%2Fwp%2Fv2%2Fcomments&post=31621"}],"version-history":[{"count":0,"href":"https:\/\/nutrispoint.com\/index.php?rest_route=\/wp\/v2\/product\/31621\/revisions"}],"wp:featuredmedia":[{"embeddable":true,"href":"https:\/\/nutrispoint.com\/index.php?rest_route=\/wp\/v2\/media\/31625"}],"wp:attachment":[{"href":"https:\/\/nutrispoint.com\/index.php?rest_route=%2Fwp%2Fv2%2Fmedia&parent=31621"}],"wp:term":[{"taxonomy":"product_brand","embeddable":true,"href":"https:\/\/nutrispoint.com\/index.php?rest_route=%2Fwp%2Fv2%2Fproduct_brand&post=31621"},{"taxonomy":"product_cat","embeddable":true,"href":"https:\/\/nutrispoint.com\/index.php?rest_route=%2Fwp%2Fv2%2Fproduct_cat&post=31621"},{"taxonomy":"product_tag","embeddable":true,"href":"https:\/\/nutrispoint.com\/index.php?rest_route=%2Fwp%2Fv2%2Fproduct_tag&post=31621"}],"curies":[{"name":"wp","href":"https:\/\/api.w.org\/{rel}","templated":true}]}}